93399 a composite number?
False
Is 109799 a composite number?
True
Is 5077 prime?
True
Is 402691 a composite number?
False
Is 121115 prime?
False
Is 161831 composite?
False
Is 113227 composite?
False
Is 87109 a prime number?
False
Is 10007 prime?
True
Is 342511 a prime number?
False
Is 82439 a composite number?
True
Is 140891 a prime number?
True
Is 1655 composite?
True
Is 6227 a prime number?
False
Is 28955 a composite number?
True
Is 6779 composite?
False
Is 28871 a composite number?
False
Is 597977 a prime number?
False
Is 16381 a composite number?
False
Is 419657 composite?
True
Is 30367 a prime number?
True
Is 579413 prime?
False
Is 8813 prime?
False
Is 19003 prime?
False
Is 407471 prime?
True
Is 4381 a prime number?
False
Is 42611 a composite number?
False
Is 336961 composite?
False
Is 19883 a composite number?
True
Is 2491 prime?
False
Is 84803 prime?
False
Is 93553 composite?
False
Is 59693 a prime number?
True
Is 8149 a composite number?
True
Is 67681 composite?
True
Is 4201 a composite number?
False
Is 73171 a composite number?
True
Is 225569 composite?
False
Is 368833 a prime number?
True
Is 7111 prime?
False
Is 6173 a composite number?
False
Is 502001 a prime number?
True
Is 298055 a prime number?
False
Is 7261 a prime number?
False
Is 192917 composite?
False
Is 1189 prime?
False
Is 2647 a prime number?
True
Is 33301 a prime number?
True
Is 348613 a composite number?
True
Is 42899 prime?
True
Is 8009 a prime number?
True
Is 13911 composite?
True
Is 254427 composite?
True
Is 2692237 a prime number?
True
Is 88529 composite?
True
Is 107339 a composite number?
False
Is 80309 a prime number?
True
Is 88531 prime?
False
Is 541 prime?
True
Is 61961 composite?
False
Is 456083 a prime number?
False
Is 2433359 prime?
True
Is 1196683 prime?
True
Is 113891 a composite number?
False
Is 1143749 prime?
True
Is 13814 prime?
False
Is 1527 a prime number?
False
Is 85795 prime?
False
Is 90483 a prime number?
False
Is 2491 a composite number?
True
Is 175645 composite?
True
Is 4560691 prime?
True
Is 1361 a composite number?
False
Is 731845 a prime number?
False
Is 2633 a composite number?
False
Is 537 a composite number?
True
Is 316943 a composite number?
True
Is 29993 prime?
False
Is 3299 prime?
True
Is 11474 prime?
False
Is 416107 a prime number?
True
Is 45941 prime?
False
Is 5909 a composite number?
True
Is 1175221 a prime number?
False
Is 61781 a prime number?
True
Is 6503 a composite number?
True
Is 15109 composite?
True
Is 321211 a prime number?
False
Is 969251 composite?
True
Is 2683 a composite number?
False
Is 6287 a prime number?
True
Is 38651 composite?
False
Is 867541 composite?
False
Is 16921 a composite number?
False
Is 91037 a prime number?
False
Is 266633 prime?
True
Is 660851 prime?
True
Is 1922951 a composite number?
False
Is 3613 composite?
False
Is 78977 a composite number?
False
Is 142723 a composite number?
True
Is 3463 a composite number?
False
Is 7433 prime?
True
Is 383251 a prime number?
False
Is 102731 a composite number?
True
Is 282767 prime?
True
Is 425437 a composite number?
True
Is 12131 a prime number?
False
Is 24703 composite?
True
Is 11665 composite?
True
Is 61309 prime?
False
Is 6761 composite?
False
Is 65291 a composite number?
True
Is 1355 prime?
False
Is 36826 a prime number?
False
Is 698977 prime?
True
Is 673 composite?
False
Is 63637 a composite number?
True
Is 342257 composite?
False
Is 7721 prime?
False
Is 23189 prime?
True
Is 14349 prime?
False
Is 118115 prime?
False
Is 10709 a composite number?
False
Is 207709 prime?
True
Is 6619 a composite number?
False
Is 64189 a prime number?
True
Is 161503 a prime number?
True
Is 2929 a prime number?
False
Is 6541 prime?
False
Is 7617 a prime number?
False
Is 2096677 prime?
False
Is 32321 a prime number?
True
Is 16877 a prime number?
False
Is 344021 composite?
False
Is 153727 composite?
True
Is 187541 a composite number?
True
Is 74065 composite?
True
Is 10639 composite?
False
Is 271613 prime?
False
Is 638311 prime?
False
Is 1098233 composite?
False
Is 82381 prime?
False
Is 10769003 composite?
True
Is 421943 a composite number?
False
Is 26947 a prime number?
True
Is 18295 a prime number?
False
Is 32699 composite?
True
Is 17861 prime?
False
Is 19033 prime?
False
Is 197339 a prime number?
True
Is 12143 composite?
False
Is 4321 a composite number?
True
Is 115711 prime?
False
Is 172847 composite?
True
Is 396251 composite?
True
Is 111721 prime?
True
Is 48149 prime?
False
Is 1273 prime?
False
Is 15107 a composite number?
False
Is 125435 a composite number?
True
Is 1457 composite?
True
Is 7183 a composite number?
True
Is 33479 prime?
True
Is 25177 a prime number?
False
Is 699931 a composite number?
False
Is 7249 a prime number?
False
Is 210869 prime?
True
Is 1069 a prime number?
True
Is 49857 a composite number?
True
Is 89 composite?
False
Is 15091 a prime number?
True
Is 9127 a composite number?
False
Is 1949 a composite number?
False
Is 41579 prime?
True
Is 654343 composite?
False
Is 20803 a prime number?
False
Is 12391 a prime number?
True
Is 158605 prime?
False
Is 4727 composite?
True
Is 395429 a prime number?
True
Is 4037 prime?
False
Is 23189 prime?
True
Is 229289 a prime number?
False
Is 22853 composite?
False
Is 25021 prime?
False
Is 78479 a prime number?
True
Is 368399 composite?
False
Is 892901 a composite number?
False
Is 312331 prime?
True
Is 607471 a composite number?
False
Is 11789 prime?
True
Is 2320423 a composite number?
True
Is 610459 a prime number?
False
Is 103769 prime?
True
Is 35983 composite?
False
Is 1381 composite?
False
Is 36623 composite?
True
Is 778573 prime?
False
Is 8611 composite?
True
Is 15499 prime?
False
Is 1456517 composite?
False
Is 185431 prime?
False
Is 531763 prime?
False
Is 5815 a prime number?
False
Is 82631 a prime number?
False
Is 42271 composite?
True
Is 149 prime?
True
Is 614437 prime?
True
Is 15634 a prime number?
False
Is 591 a prime number?
False
Is 6670087 prime?
False
Is 90353 a composite number?
False
Is 234337 a prime number?
False
Is 417839 a prime number?
True
Is 31883 prime?
True
Is 189055 composite?
True
Is 93178 a composite number?
True
Is 11621 a composite number?
False
Is 142019 composite?
False
Is 29695 a composite number?
True
Is 131249 a composite number?
False
Is 102667 prime?
True
Is 841735 a composite number?
True
Is 481931 a composite number?
True
Is 64279 a composite number?
False
Is 22315 a prime number?
False
Is 947 prime?
True
Is 371213 a composite number?
False
Is 182633 prime?
False
Is 11399 composite?
False
Is 513731 prime?
True
Is 12349 prime?
False
Is 4271 a composite number?
False
Is 22702 composite?
True
Is 211039 composite?
False
Is 18437 composite?
True
Is 53023 a composite number?
True
Is 510437 prime?
False
Is 23449 composite?
True
Is 1804867 a prime number?
False
Is 61521 a composite number?
True
Is 837409 composite?
False
Is 36731 a composite number?
True
Is 24866 a prime number?
False
Is 12683 a prime number?
False
Is 5671 a prime number?
False
Is 31013 composite?
False
Is 338449 a composite number?
False
Is 160997 a prime number?
True
Is 162947 a composite number?
False
Is 228949 prime?
False
Is 20063 a composite number?
False
Is 192689 composite?
True
Is 9091 composite?
False
Is 373811 prime?
False
Is 2129 a prime number?
True
Is 79909 a composite number?
True
Is 21977 prime?
True
Is 34169 a composite number?
True
Is 564593 composite?
False
Is 64747 prime?
True
Is 20897 a prime number?
True
Is 11311 composite?
False
Is 1880603 composite?
False
Is 21401 a prime number?
True
Is 7835 a composite number?
True
Is 80251 composite?
False
Is 11617 composite?
False
Is 11887 composite?
False
Is 22217 prime?
False
Is 554569 a composite number?
False
Is 21599 a prime number?
True
Is 23227 a composite number?
False
Is 16943 prime?
True
Is 184657 prime?
False
Is 230821 a prime number?
False
Is 2027221 composite?
True
Is 37493 a prime number?
True
Is 49351 a composite number?
True
Is 5501 composite?
False
Is 27509 prime?
True
Is 68833 prime?
False
Is 16843 a composite number?
False
Is 168907 composite?
True
Is 2412271 composite?
False
Is 81602 prime?
False
Is 88487 a composite number?
True
Is 9379 prime?
False
Is 920365 composite?
True
Is 186097 composite?
False
Is 6599 a prime number?
True
Is 38069 prime?